{"id":386,"date":"2023-08-22T16:27:50","date_gmt":"2023-08-22T19:27:50","guid":{"rendered":"https:\/\/naea.website\/?page_id=386"},"modified":"2023-11-13T17:23:31","modified_gmt":"2023-11-13T20:23:31","slug":"cronograma","status":"publish","type":"page","link":"https:\/\/naea.website\/index.php\/cronograma\/","title":{"rendered":"Cronograma"},"content":{"rendered":"\n<figure class=\"wp-block-table\"><table><tbody><tr><td>21\/08 a 21\/09<\/td><td>Chamada de Trabalhos (Resumos Expandidos)<\/td><\/tr><tr><td>16\/10<\/td><td>Divulga\u00e7\u00e3o dos Trabalhos aprovados<\/td><\/tr><tr><td>23\/10<\/td><td>Divulga\u00e7\u00e3o da programa\u00e7\u00e3o geral do evento<\/td><\/tr><tr><td><strong>20 a 22\/11<\/strong><\/td><td><strong>Realiza\u00e7\u00e3o do evento<\/strong><\/td><\/tr><\/tbody><\/table><\/figure>\n","protected":false},"excerpt":{"rendered":"<p>21\/08 a 21\/09 Chamada de Trabalhos (Resumos Expandidos) 16\/10 Divulga\u00e7\u00e3o dos Trabalhos aprovados 23\/10 Divulga\u00e7\u00e3o da programa\u00e7\u00e3o geral do evento 20 a 22\/11 Realiza\u00e7\u00e3o do evento<\/p>\n","protected":false},"author":1,"featured_media":0,"parent":0,"menu_order":0,"comment_status":"closed","ping_status":"closed","template":"","meta":{"footnotes":""},"_links":{"self":[{"href":"https:\/\/naea.website\/index.php\/wp-json\/wp\/v2\/pages\/386"}],"collection":[{"href":"https:\/\/naea.website\/index.php\/wp-json\/wp\/v2\/pages"}],"about":[{"href":"https:\/\/naea.website\/index.php\/wp-json\/wp\/v2\/types\/page"}],"author":[{"embeddable":true,"href":"https:\/\/naea.website\/index.php\/wp-json\/wp\/v2\/users\/1"}],"replies":[{"embeddable":true,"href":"https:\/\/naea.website\/index.php\/wp-json\/wp\/v2\/comments?post=386"}],"version-history":[{"count":3,"href":"https:\/\/naea.website\/index.php\/wp-json\/wp\/v2\/pages\/386\/revisions"}],"predecessor-version":[{"id":960,"href":"https:\/\/naea.website\/index.php\/wp-json\/wp\/v2\/pages\/386\/revisions\/960"}],"wp:attachment":[{"href":"https:\/\/naea.website\/index.php\/wp-json\/wp\/v2\/media?parent=386"}],"curies":[{"name":"wp","href":"https:\/\/api.w.org\/{rel}","templated":true}]}}