{"id":314,"date":"2023-06-22T15:41:27","date_gmt":"2023-06-22T18:41:27","guid":{"rendered":"https:\/\/naea.website\/?page_id=314"},"modified":"2023-06-22T15:45:28","modified_gmt":"2023-06-22T18:45:28","slug":"ciclo-de-debates-do-gettam-ecologia-politica-e-insurgencias-a-proposito-de-territorios-coletivos-na-amazonia","status":"publish","type":"page","link":"https:\/\/naea.website\/index.php\/ciclo-de-debates-do-gettam-ecologia-politica-e-insurgencias-a-proposito-de-territorios-coletivos-na-amazonia\/","title":{"rendered":"Ciclo de debates do GETTAM: Ecologia Pol\u00edtica e insurg\u00eancias a prop\u00f3sito de territ\u00f3rios coletivos na Amaz\u00f4nia"},"content":{"rendered":"\n<div class=\"wp-block-columns is-layout-flex wp-container-4 wp-block-columns-is-layout-flex\">\n<div class=\"wp-block-column is-layout-flow wp-block-column-is-layout-flow\">\n<figure class=\"wp-block-image size-large\"><img decoding=\"async\" loading=\"lazy\" width=\"1024\" height=\"683\" src=\"https:\/\/naea.website\/wp-content\/uploads\/2023\/06\/MG_4262-1024x683.jpg\" alt=\"\" class=\"wp-image-315\" srcset=\"https:\/\/naea.website\/wp-content\/uploads\/2023\/06\/MG_4262-1024x683.jpg 1024w, https:\/\/naea.website\/wp-content\/uploads\/2023\/06\/MG_4262-300x200.jpg 300w, https:\/\/naea.website\/wp-content\/uploads\/2023\/06\/MG_4262-768x512.jpg 768w, https:\/\/naea.website\/wp-content\/uploads\/2023\/06\/MG_4262-1536x1024.jpg 1536w, https:\/\/naea.website\/wp-content\/uploads\/2023\/06\/MG_4262-2048x1365.jpg 2048w, https:\/\/naea.website\/wp-content\/uploads\/2023\/06\/MG_4262-570x380.jpg 570w, https:\/\/naea.website\/wp-content\/uploads\/2023\/06\/MG_4262-380x254.jpg 380w, https:\/\/naea.website\/wp-content\/uploads\/2023\/06\/MG_4262-285x190.jpg 285w\" sizes=\"(max-width: 1024px) 100vw, 1024px\" \/><\/figure>\n<\/div>\n\n\n\n<div class=\"wp-block-column is-layout-flow wp-block-column-is-layout-flow\">\n<figure class=\"wp-block-image size-large\"><img decoding=\"async\" loading=\"lazy\" width=\"1024\" height=\"683\" src=\"https:\/\/naea.website\/wp-content\/uploads\/2023\/06\/MG_4256-1024x683.jpg\" alt=\"\" class=\"wp-image-316\" srcset=\"https:\/\/naea.website\/wp-content\/uploads\/2023\/06\/MG_4256-1024x683.jpg 1024w, https:\/\/naea.website\/wp-content\/uploads\/2023\/06\/MG_4256-300x200.jpg 300w, https:\/\/naea.website\/wp-content\/uploads\/2023\/06\/MG_4256-768x512.jpg 768w, https:\/\/naea.website\/wp-content\/uploads\/2023\/06\/MG_4256-1536x1024.jpg 1536w, https:\/\/naea.website\/wp-content\/uploads\/2023\/06\/MG_4256-2048x1365.jpg 2048w, https:\/\/naea.website\/wp-content\/uploads\/2023\/06\/MG_4256-570x380.jpg 570w, https:\/\/naea.website\/wp-content\/uploads\/2023\/06\/MG_4256-380x254.jpg 380w, https:\/\/naea.website\/wp-content\/uploads\/2023\/06\/MG_4256-285x190.jpg 285w\" sizes=\"(max-width: 1024px) 100vw, 1024px\" \/><\/figure>\n<\/div>\n\n\n\n<div class=\"wp-block-column is-layout-flow wp-block-column-is-layout-flow\">\n<figure class=\"wp-block-image size-large\"><img decoding=\"async\" loading=\"lazy\" width=\"1024\" height=\"683\" src=\"https:\/\/naea.website\/wp-content\/uploads\/2023\/06\/MG_4255-1024x683.jpg\" alt=\"\" class=\"wp-image-317\" srcset=\"https:\/\/naea.website\/wp-content\/uploads\/2023\/06\/MG_4255-1024x683.jpg 1024w, https:\/\/naea.website\/wp-content\/uploads\/2023\/06\/MG_4255-300x200.jpg 300w, https:\/\/naea.website\/wp-content\/uploads\/2023\/06\/MG_4255-768x512.jpg 768w, https:\/\/naea.website\/wp-content\/uploads\/2023\/06\/MG_4255-1536x1024.jpg 1536w, https:\/\/naea.website\/wp-content\/uploads\/2023\/06\/MG_4255-2048x1365.jpg 2048w, https:\/\/naea.website\/wp-content\/uploads\/2023\/06\/MG_4255-570x380.jpg 570w, https:\/\/naea.website\/wp-content\/uploads\/2023\/06\/MG_4255-380x254.jpg 380w, https:\/\/naea.website\/wp-content\/uploads\/2023\/06\/MG_4255-285x190.jpg 285w\" sizes=\"(max-width: 1024px) 100vw, 1024px\" \/><\/figure>\n<\/div>\n<\/div>\n\n\n\n<div class=\"wp-block-columns is-layout-flex wp-container-8 wp-block-columns-is-layout-flex\">\n<div class=\"wp-block-column is-layout-flow wp-block-column-is-layout-flow\">\n<figure class=\"wp-block-image size-large\"><img decoding=\"async\" loading=\"lazy\" width=\"1024\" height=\"683\" src=\"https:\/\/naea.website\/wp-content\/uploads\/2023\/06\/MG_4225-1024x683.jpg\" alt=\"\" class=\"wp-image-318\" srcset=\"https:\/\/naea.website\/wp-content\/uploads\/2023\/06\/MG_4225-1024x683.jpg 1024w, https:\/\/naea.website\/wp-content\/uploads\/2023\/06\/MG_4225-300x200.jpg 300w, https:\/\/naea.website\/wp-content\/uploads\/2023\/06\/MG_4225-768x512.jpg 768w, https:\/\/naea.website\/wp-content\/uploads\/2023\/06\/MG_4225-1536x1024.jpg 1536w, https:\/\/naea.website\/wp-content\/uploads\/2023\/06\/MG_4225-2048x1365.jpg 2048w, https:\/\/naea.website\/wp-content\/uploads\/2023\/06\/MG_4225-570x380.jpg 570w, https:\/\/naea.website\/wp-content\/uploads\/2023\/06\/MG_4225-380x254.jpg 380w, https:\/\/naea.website\/wp-content\/uploads\/2023\/06\/MG_4225-285x190.jpg 285w\" sizes=\"(max-width: 1024px) 100vw, 1024px\" \/><\/figure>\n<\/div>\n\n\n\n<div class=\"wp-block-column is-layout-flow wp-block-column-is-layout-flow\">\n<figure class=\"wp-block-image size-large\"><img decoding=\"async\" loading=\"lazy\" width=\"1024\" height=\"683\" src=\"https:\/\/naea.website\/wp-content\/uploads\/2023\/06\/MG_4201-1024x683.jpg\" alt=\"\" class=\"wp-image-319\" srcset=\"https:\/\/naea.website\/wp-content\/uploads\/2023\/06\/MG_4201-1024x683.jpg 1024w, https:\/\/naea.website\/wp-content\/uploads\/2023\/06\/MG_4201-300x200.jpg 300w, https:\/\/naea.website\/wp-content\/uploads\/2023\/06\/MG_4201-768x512.jpg 768w, https:\/\/naea.website\/wp-content\/uploads\/2023\/06\/MG_4201-1536x1024.jpg 1536w, https:\/\/naea.website\/wp-content\/uploads\/2023\/06\/MG_4201-2048x1365.jpg 2048w, https:\/\/naea.website\/wp-content\/uploads\/2023\/06\/MG_4201-570x380.jpg 570w, https:\/\/naea.website\/wp-content\/uploads\/2023\/06\/MG_4201-380x254.jpg 380w, https:\/\/naea.website\/wp-content\/uploads\/2023\/06\/MG_4201-285x190.jpg 285w\" sizes=\"(max-width: 1024px) 100vw, 1024px\" \/><\/figure>\n<\/div>\n\n\n\n<div class=\"wp-block-column is-layout-flow wp-block-column-is-layout-flow\">\n<figure class=\"wp-block-image size-large\"><img decoding=\"async\" loading=\"lazy\" width=\"1024\" height=\"683\" src=\"https:\/\/naea.website\/wp-content\/uploads\/2023\/06\/MG_4175-1024x683.jpg\" alt=\"\" class=\"wp-image-320\" srcset=\"https:\/\/naea.website\/wp-content\/uploads\/2023\/06\/MG_4175-1024x683.jpg 1024w, https:\/\/naea.website\/wp-content\/uploads\/2023\/06\/MG_4175-300x200.jpg 300w, https:\/\/naea.website\/wp-content\/uploads\/2023\/06\/MG_4175-768x512.jpg 768w, https:\/\/naea.website\/wp-content\/uploads\/2023\/06\/MG_4175-1536x1024.jpg 1536w, https:\/\/naea.website\/wp-content\/uploads\/2023\/06\/MG_4175-2048x1365.jpg 2048w, https:\/\/naea.website\/wp-content\/uploads\/2023\/06\/MG_4175-570x380.jpg 570w, https:\/\/naea.website\/wp-content\/uploads\/2023\/06\/MG_4175-380x254.jpg 380w, https:\/\/naea.website\/wp-content\/uploads\/2023\/06\/MG_4175-285x190.jpg 285w\" sizes=\"(max-width: 1024px) 100vw, 1024px\" \/><\/figure>\n<\/div>\n<\/div>\n\n\n\n<div class=\"wp-block-columns is-layout-flex wp-container-12 wp-block-columns-is-layout-flex\">\n<div class=\"wp-block-column is-layout-flow wp-block-column-is-layout-flow\">\n<figure class=\"wp-block-image size-large\"><img decoding=\"async\" loading=\"lazy\" width=\"1024\" height=\"683\" src=\"https:\/\/naea.website\/wp-content\/uploads\/2023\/06\/MG_4154-1024x683.jpg\" alt=\"\" class=\"wp-image-321\" srcset=\"https:\/\/naea.website\/wp-content\/uploads\/2023\/06\/MG_4154-1024x683.jpg 1024w, https:\/\/naea.website\/wp-content\/uploads\/2023\/06\/MG_4154-300x200.jpg 300w, https:\/\/naea.website\/wp-content\/uploads\/2023\/06\/MG_4154-768x512.jpg 768w, https:\/\/naea.website\/wp-content\/uploads\/2023\/06\/MG_4154-1536x1024.jpg 1536w, https:\/\/naea.website\/wp-content\/uploads\/2023\/06\/MG_4154-2048x1365.jpg 2048w, https:\/\/naea.website\/wp-content\/uploads\/2023\/06\/MG_4154-570x380.jpg 570w, https:\/\/naea.website\/wp-content\/uploads\/2023\/06\/MG_4154-380x254.jpg 380w, https:\/\/naea.website\/wp-content\/uploads\/2023\/06\/MG_4154-285x190.jpg 285w\" sizes=\"(max-width: 1024px) 100vw, 1024px\" \/><\/figure>\n<\/div>\n\n\n\n<div class=\"wp-block-column is-layout-flow wp-block-column-is-layout-flow\">\n<figure class=\"wp-block-image size-large\"><img decoding=\"async\" loading=\"lazy\" width=\"1024\" height=\"683\" src=\"https:\/\/naea.website\/wp-content\/uploads\/2023\/06\/MG_4149-1024x683.jpg\" alt=\"\" class=\"wp-image-322\" srcset=\"https:\/\/naea.website\/wp-content\/uploads\/2023\/06\/MG_4149-1024x683.jpg 1024w, https:\/\/naea.website\/wp-content\/uploads\/2023\/06\/MG_4149-300x200.jpg 300w, https:\/\/naea.website\/wp-content\/uploads\/2023\/06\/MG_4149-768x512.jpg 768w, https:\/\/naea.website\/wp-content\/uploads\/2023\/06\/MG_4149-1536x1024.jpg 1536w, https:\/\/naea.website\/wp-content\/uploads\/2023\/06\/MG_4149-2048x1365.jpg 2048w, https:\/\/naea.website\/wp-content\/uploads\/2023\/06\/MG_4149-570x380.jpg 570w, https:\/\/naea.website\/wp-content\/uploads\/2023\/06\/MG_4149-380x254.jpg 380w, https:\/\/naea.website\/wp-content\/uploads\/2023\/06\/MG_4149-285x190.jpg 285w\" sizes=\"(max-width: 1024px) 100vw, 1024px\" \/><\/figure>\n<\/div>\n\n\n\n<div class=\"wp-block-column is-layout-flow wp-block-column-is-layout-flow\">\n<figure class=\"wp-block-image size-large\"><img decoding=\"async\" loading=\"lazy\" width=\"1024\" height=\"683\" src=\"https:\/\/naea.website\/wp-content\/uploads\/2023\/06\/MG_4136-1024x683.jpg\" alt=\"\" class=\"wp-image-323\" srcset=\"https:\/\/naea.website\/wp-content\/uploads\/2023\/06\/MG_4136-1024x683.jpg 1024w, https:\/\/naea.website\/wp-content\/uploads\/2023\/06\/MG_4136-300x200.jpg 300w, https:\/\/naea.website\/wp-content\/uploads\/2023\/06\/MG_4136-768x512.jpg 768w, https:\/\/naea.website\/wp-content\/uploads\/2023\/06\/MG_4136-1536x1024.jpg 1536w, https:\/\/naea.website\/wp-content\/uploads\/2023\/06\/MG_4136-2048x1365.jpg 2048w, https:\/\/naea.website\/wp-content\/uploads\/2023\/06\/MG_4136-570x380.jpg 570w, https:\/\/naea.website\/wp-content\/uploads\/2023\/06\/MG_4136-380x254.jpg 380w, https:\/\/naea.website\/wp-content\/uploads\/2023\/06\/MG_4136-285x190.jpg 285w\" sizes=\"(max-width: 1024px) 100vw, 1024px\" \/><\/figure>\n<\/div>\n<\/div>\n","protected":false},"excerpt":{"rendered":"","protected":false},"author":1,"featured_media":0,"parent":0,"menu_order":0,"comment_status":"closed","ping_status":"closed","template":"","meta":{"footnotes":""},"_links":{"self":[{"href":"https:\/\/naea.website\/index.php\/wp-json\/wp\/v2\/pages\/314"}],"collection":[{"href":"https:\/\/naea.website\/index.php\/wp-json\/wp\/v2\/pages"}],"about":[{"href":"https:\/\/naea.website\/index.php\/wp-json\/wp\/v2\/types\/page"}],"author":[{"embeddable":true,"href":"https:\/\/naea.website\/index.php\/wp-json\/wp\/v2\/users\/1"}],"replies":[{"embeddable":true,"href":"https:\/\/naea.website\/index.php\/wp-json\/wp\/v2\/comments?post=314"}],"version-history":[{"count":2,"href":"https:\/\/naea.website\/index.php\/wp-json\/wp\/v2\/pages\/314\/revisions"}],"predecessor-version":[{"id":326,"href":"https:\/\/naea.website\/index.php\/wp-json\/wp\/v2\/pages\/314\/revisions\/326"}],"wp:attachment":[{"href":"https:\/\/naea.website\/index.php\/wp-json\/wp\/v2\/media?parent=314"}],"curies":[{"name":"wp","href":"https:\/\/api.w.org\/{rel}","templated":true}]}}